e the prime factors of 164628?
2, 3, 17, 269
What are the prime factors of 213877?
17, 23, 547
List the prime factors of 228867.
3, 76289
List the prime factors of 5593484.
2, 13, 263, 409
List the prime factors of 5380125.
3, 5, 14347
What are the prime factors of 1311865?
5, 59, 4447
List the prime factors of 266293.
266293
List the prime factors of 3450101.
29, 271, 439
List the prime factors of 2596361.
2596361
What are the prime factors of 30166011?
3, 3351779
List the prime factors of 1079579.
743, 1453
What are the prime factors of 744807?
3, 7, 29, 1223
What are the prime factors of 218613?
3, 72871
List the prime factors of 1533865.
5, 139, 2207
List the prime factors of 4176303.
3, 1392101
What are the prime factors of 8990437?
79, 317, 359
List the prime factors of 38122.
2, 7, 389
What are the prime factors of 6504271?
271, 24001
List the prime factors of 243192.
2, 3, 10133
List the prime factors of 16179622.
2, 29, 71, 3929
What are the prime factors of 7981435?
5, 7, 11, 20731
What are the prime factors of 591853?
163, 3631
List the prime factors of 2833795.
5, 566759
What are the prime factors of 2136223?
41, 52103
What are the prime factors of 1733284?
2, 7, 103, 601
What are the prime factors of 218542?
2, 113, 967
List the prime factors of 7316297.
7316297
What are the prime factors of 1107698?
2, 553849
List the prime factors of 67124.
2, 97, 173
What are the prime factors of 886189?
886189
List the prime factors of 470792.
2, 7, 1201
What are the prime factors of 43303?
13, 3331
What are the prime factors of 37452798?
2, 3, 2080711
List the prime factors of 1375347.
3, 458449
List the prime factors of 1448316.
2, 3, 40231
List the prime factors of 10588.
2, 2647
What are the prime factors of 60140?
2, 5, 31, 97
List the prime factors of 2394603.
3, 17, 37, 47
List the prime factors of 1087152.
2, 3, 11, 29, 71
List the prime factors of 1087394.
2, 7, 11, 23, 307
What are the prime factors of 3234054?
2, 3, 539009
List the prime factors of 7478023.
7, 349, 3061
What are the prime factors of 604636?
2, 71, 2129
List the prime factors of 426667.
131, 3257
What are the prime factors of 171635?
5, 34327
List the prime factors of 21827.
13, 23, 73
What are the prime factors of 193432?
2, 24179
List the prime factors of 269465.
5, 7, 7699
List the prime factors of 913548.
2, 3, 76129
What are the prime factors of 16483481?
7, 61, 38603
List the prime factors of 244809.
3, 9067
List the prime factors of 6170204.
2, 1542551
List the prime factors of 14605351.
14605351
What are the prime factors of 305929?
13, 101, 233
What are the prime factors of 199693?
13, 15361
What are the prime factors of 32266?
2, 13, 17, 73
List the prime factors of 66330.
2, 3, 5, 11, 67
What are the prime factors of 10758634?
2, 937, 5741
List the prime factors of 18983510.
2, 5, 7, 13, 23, 907
List the prime factors of 4169179.
7, 101, 5897
List the prime factors of 21683470.
2, 5, 2168347
List the prime factors of 343492.
2, 79, 1087
What are the prime factors of 5750024?
2, 7, 102679
What are the prime factors of 14387809?
14387809
List the prime factors of 808377.
3, 467, 577
List the prime factors of 164707.
164707
List the prime factors of 216971.
17, 12763
List the prime factors of 1122342.
2, 3, 13, 14389
What are the prime factors of 630898?
2, 315449
List the prime factors of 352719.
3, 39191
What are the prime factors of 1383136?
2, 43223
List the prime factors of 289780.
2, 5, 14489
List the prime factors of 936344.
2, 117043
List the prime factors of 14829663.
3, 127, 38923
What are the prime factors of 92094?
2, 3, 15349
List the prime factors of 195790.
2, 5, 7, 2797
What are the prime factors of 23590296?
2, 3, 103, 3181
What are the prime factors of 21295458?
2, 3, 17, 69593
List the prime factors of 1226480.
2, 5, 15331
List the prime factors of 107852.
2, 59, 457
List the prime factors of 437791.
89, 4919
List the prime factors of 361188.
2, 3, 79, 127
What are the prime factors of 19375502?
2, 9687751
What are the prime factors of 909214?
2, 163, 2789
List the prime factors of 2387898.
2, 3, 132661
What are the prime factors of 6220578?
2, 3, 7, 13, 11393
What are the prime factors of 7976349?
3, 17, 37, 1409
What are the prime factors of 7628458?
2, 43, 107, 829
What are the prime factors of 242177?
13, 1433
List the prime factors of 160323.
3, 53441
List the prime factors of 38250436.
2, 7, 1366087
What are the prime factors of 1350772?
2, 127, 2659
List the prime factors of 1519909.
23, 66083
List the prime factors of 216510.
2, 3, 5, 7, 1031
What are the prime factors of 34944?
2, 3, 7, 13
List the prime factors of 22090541.
11, 2008231
What are the prime factors of 2792731?
89, 31379
What are the prime factors of 3922577?
3922577
List the prime factors of 62383.
62383
What are the prime factors of 277172?
2, 7, 19, 521
List the prime factors of 8042283.
3, 37, 24151
List the prime factors of 22875.
3, 5, 61
List the prime factors of 5708295.
3, 5, 126851
What are the prime factors of 6706960?
2, 5, 13, 6449
List the prime factors of 1543805.
5, 308761
What are the prime factors of 347109?
3, 7, 16529
What are the prime factors of 1229702?
2, 614851
What are the prime factors of 255812?
2, 31, 2063
What are the prime factors of 319476?
2, 3, 79, 337
What are the prime factors of 25215?
3, 5, 41
What are the prime factors of 2866686?
2, 3, 37, 349
What are the prime factors of 1448830?
2, 5, 144883
List the prime factors of 3211.
13, 19
What are the prime factors of 544407?
3, 19, 9551
What are the prime factors of 1356985?
5, 7, 137, 283
What are the prime factors of 125025?
3, 5, 1667
List the prime factors of 650249.
79, 8231
What are the prime factors of 2066302?
2, 7, 37, 3989
What are the prime factors of 53693?
53693
List the prime factors of 2210427.
3, 449, 547
List the prime factors of 1877920.
2, 5, 11, 97
What are the prime factors of 634804?
2, 151, 1051
List the prime factors of 1087841.
1087841
List the prime factors of 4695847.
13, 361219
List the prime factors of 2593679.
11, 235789
List the prime factors of 3239011.
3239011
What are the prime factors of 2590108?
2, 647527
What are the prime factors of 8521972?
2, 2130493
What are the prime factors of 643364?
2, 160841
List the prime factors of 164239.
164239
List the prime factors of 881638.
2, 19, 23201
What are the prime factors of 24373?
24373
List the prime factors of 21539.
7, 17, 181
List the prime factors of 523142.
2, 89, 2939
What are the prime factors of 1494900?
2, 3, 5, 11, 151
What are the prime factors of 412554?
2, 3, 29, 2371
What are the prime factors of 240217?
19, 47, 269
What are the prime factors of 10746023?
17, 647, 977
List the prime factors of 23670997.
7, 137, 24683
List the prime factors of 8764870.
2, 5, 409, 2143
List the prime factors of 66437.
7, 9491
What are the prime factors of 10210929?
3, 29, 241, 487
List the prime factors of 21943936.
2, 7, 19, 1289
List the prime factors of 34281218.
2, 101, 169709
List the prime factors of 405817.
405817
List the prime factors of 604623.
3, 43, 109
What are the prime factors of 2461807?
2461807
List the prime factors of 2825228.
2, 7, 23, 41, 107
What are the prime factors of 14070122?
2, 11, 53, 1097
What are the prime factors of 1359520?
2, 5, 29, 293
What are the prime factors of 15524093?
13, 1194161
What are the prime factors of 10918516?
2, 7, 389947
What are the prime factors of 9831?
3, 29, 113
List the prime factors of 236310.
2, 3, 5, 7877
What are the prime factors of 4949921?
4949921
List the prime factors of 478304.
2, 14947
List the prime factors of 2897387.
101, 28687
List the prime factors of 8174894.
2, 7, 13, 44917
What are the prime factors of 939056?
2, 19, 3089
List the prime factors of 654946.
2, 327473
What are the prime factors of 16603659?
3, 661, 2791
List the prime factors of 149674.
2, 7, 10691
List the prime factors of 353918.
2, 311, 569
List the prime factors of 5533909.
5533909
List the prime factors of 27864010.
2, 5, 41, 67961
List the prime factors of 116314.
2, 11, 17, 311
What are the prime factors of 231787?
31, 7477
What are the prime factors of 154568?
2, 139
What are the prime factors of 70184?
2, 31, 283
List the prime factors of 858222.
2, 3, 23